tors of 3551015042?
2, 701, 1361, 1861
List the prime factors of 1282420543.
769, 1667647
List the prime factors of 24694206.
2, 3, 4115701
What are the prime factors of 905232045?
3, 5, 23, 2623861
What are the prime factors of 442397632?
2, 6912463
List the prime factors of 234380044.
2, 79, 741709
List the prime factors of 3998831443.
17, 109, 126943
What are the prime factors of 33796148?
2, 89, 94933
What are the prime factors of 153662804?
2, 19, 2021879
What are the prime factors of 37395452?
2, 101, 151, 613
List the prime factors of 68915483.
7, 13, 317, 2389
What are the prime factors of 45707466?
2, 3, 7, 1088273
What are the prime factors of 1138644039?
3, 13, 151, 239, 809
List the prime factors of 103602866.
2, 4933, 10501
List the prime factors of 1363751258.
2, 19, 61, 263, 2237
List the prime factors of 981664312.
2, 41, 2992879
What are the prime factors of 20399469?
3, 37, 4967
List the prime factors of 118913498.
2, 11, 71, 76129
List the prime factors of 22033290.
2, 3, 5, 734443
List the prime factors of 59653265.
5, 7, 113, 15083
List the prime factors of 9717416.
2, 227, 5351
List the prime factors of 4226465990.
2, 5, 71, 5952769
List the prime factors of 249348731.
6379, 39089
List the prime factors of 29886014.
2, 113, 223, 593
List the prime factors of 192132477.
3, 2339, 9127
List the prime factors of 75162085.
5, 15032417
What are the prime factors of 3312281675?
5, 132491267
List the prime factors of 7105870.
2, 5, 29, 107, 229
List the prime factors of 122847381.
3, 59, 67, 1151
What are the prime factors of 57729436?
2, 821, 17579
What are the prime factors of 231131303?
13, 17, 229, 4567
What are the prime factors of 356431036?
2, 13, 59, 116177
List the prime factors of 54985174.
2, 17, 1617211
What are the prime factors of 443865619?
29, 53, 317, 911
What are the prime factors of 173817552?
2, 3, 3621199
List the prime factors of 17634132.
2, 3, 67, 2437
What are the prime factors of 24082638?
2, 3, 173, 23201
List the prime factors of 298031277.
3, 47, 521, 4057
What are the prime factors of 2853888613?
31, 7349, 12527
What are the prime factors of 86647509?
3, 13, 23, 10733
What are the prime factors of 106421134?
2, 331, 160757
List the prime factors of 2571967371.
3, 79, 103, 105361
What are the prime factors of 803071276?
2, 7, 28681117
What are the prime factors of 437730503?
7, 23, 2718823
What are the prime factors of 36873793?
11, 37, 90599
What are the prime factors of 12174500?
2, 5, 13, 1873
What are the prime factors of 440855317?
7, 62979331
List the prime factors of 133951081.
11, 47, 109, 2377
What are the prime factors of 342115599?
3, 7, 17, 8053
List the prime factors of 6802365286.
2, 3401182643
What are the prime factors of 128132575?
5, 47, 109049
List the prime factors of 1203581499.
3, 47, 2347, 3637
List the prime factors of 5200107863.
43, 120932741
What are the prime factors of 655341645?
3, 5, 7, 23, 271363
List the prime factors of 87370292.
2, 21842573
List the prime factors of 5361908321.
7, 11, 69635173
List the prime factors of 926590585.
5, 181, 1023857
What are the prime factors of 240326169?
3, 463, 173021
What are the prime factors of 80504955?
3, 5, 691, 863
List the prime factors of 3133310403.
3, 79, 109, 121291
List the prime factors of 24961265.
5, 7, 571, 1249
List the prime factors of 1316333968.
2, 82270873
What are the prime factors of 173110369?
433, 399793
List the prime factors of 12768095.
5, 19, 134401
What are the prime factors of 4164010323?
3, 11, 126182131
List the prime factors of 1489156352.
2, 241, 24137
What are the prime factors of 34349293?
11, 1151, 2713
What are the prime factors of 3142629906?
2, 3, 13, 19, 233, 479
What are the prime factors of 10201065?
3, 5, 7, 13879
List the prime factors of 26324094.
2, 3, 37, 283, 419
What are the prime factors of 221771302?
2, 149, 744199
List the prime factors of 846585685.
5, 11, 15392467
What are the prime factors of 4574911539?
3, 11, 563, 246241
List the prime factors of 24078757.
19, 1267303
List the prime factors of 282570549.
3, 17, 31, 367, 487
List the prime factors of 185036778.
2, 3, 37, 2503
List the prime factors of 1090905841.
31, 71, 89, 5569
What are the prime factors of 33497117?
29, 109, 10597
List the prime factors of 24910682.
2, 12455341
What are the prime factors of 57134314?
2, 17, 1680421
List the prime factors of 812990052.
2, 3, 7, 3226151
List the prime factors of 270130860.
2, 3, 5, 23, 71, 919
What are the prime factors of 321424861?
59, 5447879
What are the prime factors of 6173661349?
163, 37875223
What are the prime factors of 1423059802?
2, 43, 16547207
List the prime factors of 289475418.
2, 3, 127, 379889
List the prime factors of 97587048.
2, 3, 13, 312779
What are the prime factors of 77539056?
2, 3, 7, 230771
What are the prime factors of 147885499?
17, 83, 163, 643
What are the prime factors of 2177536285?
5, 127, 3429191
What are the prime factors of 150027814?
2, 593, 126499
List the prime factors of 1537067207.
13, 23, 43, 119551
What are the prime factors of 3000451152?
2, 3, 62509399
What are the prime factors of 4671028620?
2, 3, 5, 961117
What are the prime factors of 542224392?
2, 3, 83, 272201
What are the prime factors of 99625743?
3, 7, 53, 29837
What are the prime factors of 854252905?
5, 11, 15531871
List the prime factors of 54357134.
2, 13, 887, 2357
What are the prime factors of 71503164?
2, 3, 1986199
List the prime factors of 76100337.
3, 2818531
What are the prime factors of 149156564?
2, 23, 307, 5281
List the prime factors of 68254929.
3, 7583881
What are the prime factors of 62118482?
2, 31, 1001911
What are the prime factors of 862038521?
862038521
List the prime factors of 45254168.
2, 467, 12113
What are the prime factors of 291695691?
3, 7, 103, 134857
What are the prime factors of 14202048?
2, 3, 7, 10567
List the prime factors of 41956005.
3, 5, 7, 13, 4391
What are the prime factors of 67114726?
2, 7, 19, 191, 1321
List the prime factors of 356941514.
2, 107, 1667951
What are the prime factors of 964755421?
7, 5443, 25321
What are the prime factors of 4792017132?
2, 3, 7, 19, 47659
List the prime factors of 631566944.
2, 113, 174659
What are the prime factors of 2650132287?
3, 11, 26769013
What are the prime factors of 246445624?
2, 30805703
List the prime factors of 1485822.
2, 3, 13, 43, 443
What are the prime factors of 115429104?
2, 3, 7, 19, 41
List the prime factors of 317023460.
2, 5, 13, 47, 25943
List the prime factors of 851901461.
19, 47, 953977
What are the prime factors of 135026421?
3, 31, 73, 19889
List the prime factors of 734859074.
2, 367429537
What are the prime factors of 55485749?
11, 83, 60773
List the prime factors of 5962306638.
2, 3, 993717773
What are the prime factors of 29025630?
2, 3, 5, 17, 61, 311
What are the prime factors of 1099275102?
2, 3, 29, 2105891
List the prime factors of 100403508.
2, 3, 8366959
List the prime factors of 454235122.
2, 11, 53, 389567
List the prime factors of 23752432.
2, 11, 19, 7103
List the prime factors of 1314245540.
2, 5, 65712277
List the prime factors of 142443016.
2, 31, 574367
What are the prime factors of 380295346?
2, 190147673
What are the prime factors of 3490005728?
2, 11, 19, 521831
List the prime factors of 30175859.
7, 113, 38149
List the prime factors of 90343747.
13, 23, 53, 5701
List the prime factors of 127021932.
2, 3, 130681
What are the prime factors of 3016010755?
5, 43, 14027957
What are the prime factors of 11276467?
31, 363757
List the prime factors of 902069419.
17, 53062907
What are the prime factors of 384903364?
2, 96225841
List the prime factors of 2459919202.
2, 13, 283, 334319
What are the prime factors of 48267752?
2, 13, 19, 1879
What are the prime factors of 118658591?
19, 6245189
What are the prime factors of 85271533?
3911, 21803
List the prime factors of 675245267.
163, 4142609
What are the prime factors of 55416984?
2, 3, 7, 329863
List the prime factors of 45949055.
5, 23, 399557
List the prime factors of 147214689.
3, 761, 64483
List the prime factors of 142804334.
2, 7547, 9461
List the prime factors of 131898594.
2, 3, 2267, 9697
What are the prime factors of 19045122?
2, 3, 3174187
List the prime factors of 747618260.
2, 5, 29, 